{"id":576,"date":"2023-05-10T11:51:38","date_gmt":"2023-05-10T09:51:38","guid":{"rendered":"https:\/\/www.lifestylecoachaanhuis.nl\/?page_id=576"},"modified":"2025-12-06T12:46:10","modified_gmt":"2025-12-06T10:46:10","slug":"cursus-therapeutisch-trainer-met-de-gravitoss-methode","status":"publish","type":"page","link":"https:\/\/www.lifestylecoachaanhuis.nl\/?page_id=576","title":{"rendered":"Cursus Gravitoss Therapeutisch Trainer"},"content":{"rendered":"<p><img loading=\"lazy\" decoding=\"async\" class=\"alignnone size-medium wp-image-505\" src=\"https:\/\/www.lifestylecoachaanhuis.nl\/wp-content\/uploads\/2023\/03\/Poppetje-Logo-7-300x300.png\" alt=\"\" width=\"300\" height=\"300\" srcset=\"https:\/\/www.lifestylecoachaanhuis.nl\/wp-content\/uploads\/2023\/03\/Poppetje-Logo-7-300x300.png 300w, https:\/\/www.lifestylecoachaanhuis.nl\/wp-content\/uploads\/2023\/03\/Poppetje-Logo-7-150x150.png 150w, https:\/\/www.lifestylecoachaanhuis.nl\/wp-content\/uploads\/2023\/03\/Poppetje-Logo-7.png 640w\" sizes=\"auto, (max-width: 300px) 100vw, 300px\" \/><\/p>\n<p>&nbsp;<\/p>\n<p>WAT JE NOG NIET WEET OVER BEWEGEN&#8230;<\/p>\n<p><strong>School je nu in vier lesmiddagen bij tot Gravitoss Therapeutisch Trainer I. Met licentie. Je zult smullen van alle kennis en toepassingen! En je onderscheidt je in de markt omdat jij mensen met pijn en blessures kunt helpen. Een Gravitoss Therapeutisch Trainer erkent pijn, respecteert pijn en waardeert \u00e9n honoreert pijn, als onmisbare wegwijzer.<\/strong><\/p>\n<p>Klik <a href=\"https:\/\/youtu.be\/3CpZ_aNfrso\"><strong>HIER<\/strong><\/a> om te kijken wat oud-cursisten vertellen over deze opleiding (reviews).<\/p>\n<p>OOK IN-COMPANY MOGELIJK: leer samen met je collega&#8217;s zodat jullie praktijk over de nieuwste methode beschikt!<\/p>\n<p><em>Voor wie?\u00a0<\/em><\/p>\n<p>Ben je fysiotherapeut of fysiek trainer? Of revalidatietrainer? Of preventietrainer? Of personal trainer of groepslesdocent? Of ben je trainer in wedstrijdsport of breedtesport? Dan zal je gemakkelijk en snel de Gravitoss Methode in je praktijk of in je trainingen kunnen toepassen.\u00a0 Het is een <strong>hands-off <\/strong>methode. \u00a0De cursistengroep is nooit groter dan 10 personen. Volop persoonlijke aandacht dus. En je hoeft niet bang te zijn dat je heel veel theorie moet leren: deze cursus is praktijkgericht! Twee derde van de tijd besteden we aan oefenen. Heb je een andere beweegachtergrond, neem dan even <a href=\"https:\/\/www.lifestylecoachaanhuis.nl\/?page_id=59\">contact<\/a> met me op om te overleggen.<\/p>\n<p><em>Hoe?<\/em><\/p>\n<p>In vier zaterdagmiddagen op locatie in Rosmalen, met steeds een beknopt theoretisch deel en veel praktijk. Je oefent op je medecursisten. Tussen twee lesdagen zit steeds minimaal 3 weken. Zo heb je steeds voldoende tijd om te oefenen met de lesstof. Tussen de lesdagen door is de <strong><em>besloten online omgeving<\/em> <\/strong>jouw place-to-be; daar deel je namelijk de filmpjes die je van jezelf maakt terwijl je aan het oefenen bent met jouw proefcli\u00ebnten. Daar bekijk je ook de filmpjes met casussen van je medecursisten. Altijd kun je je vragen kwijt, want je docent is daar steeds voor je beschikbaar. Natuurlijk is de online omgeving ook een fijne plek om uit te wisselen en te sparren met je mede-cursisten. Op deze manier doe je snel veel ervaring op!<\/p>\n<p>In de besloten online omgeving vind je ook al het cursusmateriaal, oa.<\/p>\n<ul>\n<li>opnames van de lesdagen, zodat je alle lessen kunt terugkijken<\/li>\n<li>arsenaal aan tests om <em>vooraf<\/em> uit te vinden of de Gravitoss Methode succesvol zal zijn bij je cli\u00ebnt<\/li>\n<li>een stapsgewijs plan van aanpak (protocol)<\/li>\n<li>video&#8217;s van alle tests bij rug-, heup, lies, bekken- en kniepijn<\/li>\n<li>video&#8217;s met het arsenaal aan ketenoefeningen voor normaal rompgebruik en het diafragma<\/li>\n<li>video&#8217;s met het arsenaal aan ketenoefeningen voor normaal beengebruik en het diafragma<\/li>\n<\/ul>\n<p><em>Certificaat en licentie<\/em><\/p>\n<p>Als je de cursus zichtbaar succesvol hebt doorlopen ontvang je na afloop het <strong>certificaat<\/strong> Gravitoss Therapeutisch Trainer I. Een <strong>licentie<\/strong> met een looptijd van \u00e9\u00e9n jaar hoort daarbij, evenals je toegang tot de besloten online curcus-omgeving. Bij je licentie hoort ook een jaar gratis toegang tot het Gravitoss Kennisnet plus \u00e9\u00e9nmalig toegang tot een jaarlijkse bijscholing.\u00a0 Je kunt dus altijd vragen stellen aan je docent en met je medecursisten in contact blijven om te overleggen over een casus uit jouw praktijk.<\/p>\n<p><em>Gravitoss Kennisnet<\/em><\/p>\n<p>Op dit moment (november 2024) werk ik hard aan het opzetten van een Kennisnet, <strong>exclusief voor licentiehouders<\/strong>. Dat kennisnet wordt actueel per maart 2025.\u00a0 Je vindt er oa. een helpdesk met docenten, maandelijkse casu\u00efstiek en periodieke updates. Zo blijf je op de hoogte en daarmee lever je kwaliteit aan jouw klanten. Ook sta je daar in contact met alle andere licentiehouders in Nederland en Belgi\u00eb om uit te wisselen en te sparren.<\/p>\n<p><em>Wanneer?<\/em><\/p>\n<p>Cursusdata <strong>voorjaar 2025<\/strong>: zaterdagmiddag<strong> 15 februari, 15 maart, 12 april en 10 mei<\/strong>, van 13.00 uur tot 16.00 uur.<\/p>\n<p><em>Wat?<\/em><\/p>\n<p>Ik heb De Gravitoss Methode ontwikkeld vanuit de ontogenese. Ik combineer dat met mijn kennis van de biomechanica en het neuro-reflectoir systeem die aan normaal bewegen ten grondslag liggen. In de cursus leer je je cli\u00ebnten pijnvrij te bewegen, met de 3 O\u2019s. De drie O\u2019s staan voor de drie grootheden die de <strong>universele voorwaarden<\/strong> zijn voor pijnvrij bewegen. Goed om te weten: de Gravitoss Methode is hands-off, dus je hebt geen behandeltafel nodig. Er is geen sprake van behandelen, maar van trainen: met de Gravitoss Methode leer je iemand<strong> <em>zichzelf<\/em> <\/strong>te helpen.<\/p>\n<p><em>Waar?<\/em><\/p>\n<p>De cursus wordt gehouden in SCC De Biechten, Vincent van Goghlaan 1, 5246 GA Rosmalen<\/p>\n<p><em>Kosten<\/em><\/p>\n<p>De kosten bedragen 1199,= euro (ex. b.t.w.) inclusief certificaat Therapeutisch Trainer I, licentie voor \u00e9\u00e9n jaar, gratis een jaar toegang tot het Gravitoss kennisnet en \u00e9\u00e9nmalig recht op het volgen van een bijscholing. Uiteraard ook onbeperkt de lekkerste consumpties tijdens de lesdagen.<br \/>\nMocht dit bedrag een struikelblok voor je zijn, neem dan toch even contact met me op. Samen vinden we een oplossing.<\/p>\n<p><em>Korting voor LIJFSTIJLcoaches<\/em><\/p>\n<p>Ben je lid van LIJFSTIJLcoaches? Dan ontvang jij een flinke korting op het lesgeld! Check gauw <a href=\"https:\/\/lijfstijlformule.nl\/resources\/container-h-kortingen\/gravitoss\/gravitoss\">kortingvoorlijfstijlcoaches<\/a> op de LIJFSTIJL website.\u00a0 Let op: ook als je nog geen lid bent van dit grootste en integere kennisnetwerk voor health professionals, kan het interessant voor je zijn je hierbij aan te sluiten. De LIJFSTIJL Formule helpt namelijk ondernemers om alles uit hun onderneming te halen en bespaart hen voor veel lastige klussen zelf het wiel uit te moeten vinden. En een heleboel kennis is zelfs GRATIS beschikbaar, evenals een aantal tools. Klik <a href=\"https:\/\/www.lijfstijlcoaches.nl\/\">hier<\/a> om te lezen wat de LIJFSTIJL Formule ook jou te bieden heeft. Meer dan 1000 ondernemers in Nederland en Belgi\u00eb zijn al lid.<\/p>\n<p><em>Aanmelden<\/em><\/p>\n<p>Meld je aan voor de cursus door het invullen van het <a href=\"https:\/\/www.lifestylecoachaanhuis.nl\/?page_id=59\">contactformulier<\/a><\/p>\n<p><em>Heb je nog vragen?<\/em><\/p>\n<p>Bellen mag altijd, leuk zelfs \ud83d\ude00\u00a0 \u00a0 \u00a0 \u00a0 \u00a0<a class=\"maxbutton-4 maxbutton maxbutton-bel-annet-knop-voor-onderop-elke-pagina\" href=\"tel:0655542872\"><span class='mb-text'>Bel Annet<\/span><\/a><\/p>\n<p>Bij uitzondering is het ook mogelijk om een gedeelte van de lessen online te volgen. Dit na overleg met de docent.<\/p>\n<p>Tof als je meedoet! Samen kunnen we m\u00e9\u00e9r mensen helpen. Dat is mijn diepste wens.<\/p>\n<p>Het is ook mogelijk dat ik de cursus bij jou <strong>op je bedrijfslocatie <\/strong>kom geven, als bijscholing voor je medewerkers. Dan heb je in \u00e9\u00e9n keer de vakkennis van je hele team naar een hoger plan gebracht en onderscheid je je in de markt. Bel me even voor meer informatie, dat is het handigst.<\/p>\n<p>&nbsp;<\/p>\n<p><strong>Vind <\/strong><strong>gelicentieerde Gravitoss Therapeutisch Trainers\u00a0 <\/strong><strong><a href=\"https:\/\/www.google.com\/maps\/d\/u\/0\/edit?mid=1RS0zviBp1EOv6SZUsRMJ6ekH4T0IaMo&amp;usp=sharing\">op deze kaart van Nederland<\/a><\/strong><\/p>\n<p>Is een hele cursus volgen dit jaar een beetje te veel van goede? Ik geef ook regelmatig een masterclass van \u00e9\u00e9n middag. Zo kun je je toch bijscholen. Kijk bij &#8216;ik wil een&#8230;.&#8221;<\/p>\n<p>&nbsp;<\/p>\n<p>&nbsp;<\/p>\n<p>&nbsp;<\/p>\n","protected":false},"excerpt":{"rendered":"<div class=\"slide-text-bg2\"><span>&nbsp; WAT JE NOG NIET WEET OVER BEWEGEN&#8230; School je nu in vier lesmiddagen bij tot Gravitoss Therapeutisch Trainer I. Met licentie. Je zult smullen v<\/span><\/div>\n<div class=\"slide-btn-area-sm\"><a href=\"https:\/\/www.lifestylecoachaanhuis.nl\/?page_id=576\" class=\"slide-btn-sm\">Meer lezen<\/a><\/div>\n","protected":false},"author":2,"featured_media":0,"parent":0,"menu_order":0,"comment_status":"closed","ping_status":"closed","template":"","meta":{"footnotes":""},"class_list":["post-576","page","type-page","status-publish","hentry"],"_links":{"self":[{"href":"https:\/\/www.lifestylecoachaanhuis.nl\/index.php?rest_route=\/wp\/v2\/pages\/576","targetHints":{"allow":["GET"]}}],"collection":[{"href":"https:\/\/www.lifestylecoachaanhuis.nl\/index.php?rest_route=\/wp\/v2\/pages"}],"about":[{"href":"https:\/\/www.lifestylecoachaanhuis.nl\/index.php?rest_route=\/wp\/v2\/types\/page"}],"author":[{"embeddable":true,"href":"https:\/\/www.lifestylecoachaanhuis.nl\/index.php?rest_route=\/wp\/v2\/users\/2"}],"replies":[{"embeddable":true,"href":"https:\/\/www.lifestylecoachaanhuis.nl\/index.php?rest_route=%2Fwp%2Fv2%2Fcomments&post=576"}],"version-history":[{"count":112,"href":"https:\/\/www.lifestylecoachaanhuis.nl\/index.php?rest_route=\/wp\/v2\/pages\/576\/revisions"}],"predecessor-version":[{"id":1039,"href":"https:\/\/www.lifestylecoachaanhuis.nl\/index.php?rest_route=\/wp\/v2\/pages\/576\/revisions\/1039"}],"wp:attachment":[{"href":"https:\/\/www.lifestylecoachaanhuis.nl\/index.php?rest_route=%2Fwp%2Fv2%2Fmedia&parent=576"}],"curies":[{"name":"wp","href":"https:\/\/api.w.org\/{rel}","templated":true}]}}